late the remainder when 15218 is divided by 3301.
2014
Calculate the remainder when 1689077 is divided by 337724.
457
Calculate the remainder when 13697 is divided by 11938.
1759
What is the remainder when 170926 is divided by 623?
224
Calculate the remainder when 413593 is divided by 217.
208
Calculate the remainder when 37957 is divided by 18789.
379
What is the remainder when 32378 is divided by 25?
3
What is the remainder when 1562110 is divided by 161?
88
What is the remainder when 67313 is divided by 653?
54
Calculate the remainder when 81081 is divided by 3243.
6
What is the remainder when 872547 is divided by 51324?
39
What is the remainder when 8071321 is divided by 128116?
13
What is the remainder when 212742065 is divided by 47?
43
What is the remainder when 15299 is divided by 5085?
44
Calculate the remainder when 1275066 is divided by 255011.
11
Calculate the remainder when 180392 is divided by 220.
212
Calculate the remainder when 133176 is divided by 44376.
48
Calculate the remainder when 131587 is divided by 3176.
1371
What is the remainder when 450983 is divided by 964?
795
Calculate the remainder when 24843815 is divided by 6210951.
11
What is the remainder when 220830130 is divided by 671?
4
What is the remainder when 229309 is divided by 298?
147
What is the remainder when 491844 is divided by 1734?
1122
Calculate the remainder when 13330960 is divided by 93880.
0
Calculate the remainder when 28442127 is divided by 271.
135
Calculate the remainder when 17323557 is divided by 384967.
42
What is the remainder when 18023762 is divided by 217?
176
What is the remainder when 612395 is divided by 3140?
95
Calculate the remainder when 14636107 is divided by 63.
10
What is the remainder when 172474 is divided by 28589?
940
What is the remainder when 159509 is divided by 159405?
104
Calculate the remainder when 304883 is divided by 152424.
35
What is the remainder when 222006 is divided by 2336?
86
What is the remainder when 176981 is divided by 5368?
5205
What is the remainder when 7272650 is divided by 15506?
336
What is the remainder when 3242838 is divided by 93?
21
Calculate the remainder when 3732681 is divided by 162280.
241
What is the remainder when 20481985 is divided by 392?
377
Calculate the remainder when 413570511 is divided by 13340984.
7
Calculate the remainder when 1583393 is divided by 392.
105
What is the remainder when 225135 is divided by 1055?
420
What is the remainder when 11388268 is divided by 695?
693
Calculate the remainder when 45635129 is divided by 192.
185
What is the remainder when 5160706 is divided by 213?
142
Calculate the remainder when 663085 is divided by 18378.
1477
Calculate the remainder when 29347213 is divided by 54.
49
What is the remainder when 479025 is divided by 31930?
75
Calculate the remainder when 91166 is divided by 244.
154
Calculate the remainder when 51842353 is divided by 21.
10
Calculate the remainder when 18076181 is divided by 1652.
1649
Calculate the remainder when 5262388 is divided by 111.
100
Calculate the remainder when 383556 is divided by 21.
12
Calculate the remainder when 1010558 is divided by 252507.
530
Calculate the remainder when 1577065 is divided by 129.
40
What is the remainder when 317543 is divided by 63466?
213
What is the remainder when 5384393 is divided by 729?
728
What is the remainder when 100071 is divided by 9941?
661
Calculate the remainder when 6129 is divided by 978.
261
What is the remainder when 46072533 is divided by 2710148?
17
Calculate the remainder when 56166873 is divided by 965.
13
Calculate the remainder when 44215 is divided by 2191.
395
What is the remainder when 2650312 is divided by 3240?
3232
What is the remainder when 21987777 is divided by 200?
177
Calculate the remainder when 436309 is divided by 8740.
8049
What is the remainder when 24553 is divided by 1093?
507
Calculate the remainder when 443531 is divided by 2882.
2585
What is the remainder when 34219635 is divided by 6?
3
Calculate the remainder when 14130347 is divided by 140.
7
Calculate the remainder when 8916434 is divided by 29.
7
What is the remainder when 818799 is divided by 712?
711
Calculate the remainder when 42681807 is divided by 2629.
2621
Calculate the remainder when 3129136 is divided by 1653.
7
What is the remainder when 174797 is divided by 173559?
1238
What is the remainder when 3611797 is divided by 249?
52
What is the remainder when 169045 is divided by 12278?
9431
What is the remainder when 8727343 is divided by 45?
43
What is the remainder when 32877534 is divided by 60?
54
What is the remainder when 12874819 is divided by 142?
105
What is the remainder when 119709 is divided by 6639?
207
What is the remainder when 28391178 is divided by 9463675?
153
Calculate the remainder when 2880803 is divided by 5196.
2219
Calculate the remainder when 667609 is divided by 26699.
134
Calculate the remainder when 3096216 is divided by 143.
123
What is the remainder when 53651 is divided by 7504?
1123
What is the remainder when 54597 is divided by 10822?
487
What is the remainder when 27253201 is divided by 6813284?
65
What is the remainder when 2305171 is divided by 889?
883
Calculate the remainder when 369178 is divided by 4795.
4758
Calculate the remainder when 204581 is divided by 40802.
571
What is the remainder when 141296 is divided by 104?
64
Calculate the remainder when 14088000 is divided by 223619.
3
What is the remainder when 1483763 is divided by 86?
5
Calculate the remainder when 4627693 is divided by 265.
263
Calculate the remainder when 1442630 is divided by 15853.
7
What is the remainder when 333405 is divided by 4695?
60
What is the remainder when 2936902 is divided by 53398?
12
Calculate the remainder when 1505969 is divided by 3392.
3313
What is the remainder when 645135 is divided by 1065?
810
Calculate the remainder when 215357 is divided by 37.
17
Calculate the remainder when 4897439 is divided by 5.
4
Calculate the remainder when 15106023 is divided by 3776497.
35
What is the remainder when 2435147 is divided by 34?
33
What is the remainder when 75512 is divided by 13?
8
What is the remainder when 398670 is divided by 199284?
102
What is the remainder when 1766695 is divided by 2242?
2241
What is the remainder when 1427654 is divided by 3124?
3110
Calculate the remainder when 340118 is divided by 243.
161
Calculate the remainder when 440260 is divided by 3547.
432
What is the remainder when 1048597 is divided by 2774?
25
What is the remainder when 1601374 is divided by 5503?
1
What is the remainder when 2064894 is divided by 476?
6
Calculate the remainder when 1580020 is divided by 60764.
156
What is the remainder when 10553 is divided by 866?
161
Calculate the remainder when 82791 is divided by 579.
573
Calculate the remainder when 5231686 is divided by 1672.
1670
What is the remainder when 3992939 is divided by 41?
31
What is the remainder when 105022123 is divided by 2505?
2503
Calculate the remainder when 10628377 is divided by 890.
887
What is the remainder when 383934 is divided by 4128?
30
What is the remainder when 26761 is divided by 45?
31
What is the remainder when 47804 is divided by 2281?
2184
What is the remainder when 233757 is divided by 561?
381
Calculate the remainder when 103211161 is divided by 34403701.
58
Calculate the remainder when 1472419 is divided by 736141.
137
Calculate the remainder when 882706186 is divided by 49.
47
Calculate the remainder when 587537 is divided by 125.
37
Calculate the remainder when 409606 is divided by 1773.
43
What is the remainder when 44473 is divided by 6240?
793
What is the remainder when 2368 is divided by 1008?
352
What is the remainder when 3824468 is divided by 845?
843
Calculate the remainder when 246638 is divided by 6331.
6060
Calculate the remainder when 3318419 is divided by 293.
194
What is the remainder when 2735988 is divided by 8?
4
Calculate the remainder when 1394367827 is divided by 28.
27
What is the remainder when 97435 is divided by 31452?
3079
Calculate the remainder when 2589308 is divided by 2167.
1910
What is the remainder when 1348256 is divided by 1480?
1456
Calculate the remainder when 4370069 is divided by 1430.
1419
Calculate the remainder when 1824252 i